 n = 59 + -25. What is the highest common factor of n and b?
34
Let r(c) = -c + 76. Let a be r(-12). What is the highest common divisor of 572 and a?
44
Let r(v) = 5*v**2 + 66*v - 16. Let m be r(-14). Calculate the greatest common divisor of m and 70.
10
Let y = 29 + -29. Suppose y = 5*v - 31 + 6. Suppose 50 = v*u + 5*p, 6*u - u - 5*p = 20. What is the greatest common divisor of 28 and u?
7
Let h(u) = -17*u + 1248. Let p be h(72). Suppose -5*t + 171 = 4*i, 2*t = 3*i - 27 - 107. Suppose -152 = -3*s - i. What is the greatest common factor of s and p?
12
Suppose 0 = -3*p - 0 - 3. Let b be ((-4)/(-10))/(p/(-60)). Let l be 1*8/(-20) + 1456/40. What is the greatest common divisor of l and b?
12
Let m(h) = h**2 + 5*h - 12. Let w be m(-10). Suppose -4*x = -w - 2. Calculate the greatest common divisor of 70 and x.
10
Let x = -524 + 534. What is the greatest common divisor of x and 1440?
10
Suppose 3 = -2*x + 7. Suppose -s - 108 = -x*s. Let o = -1358 + 1385. Calculate the highest common factor of s and o.
27
Let q(b) = -300*b - 12. Let x(z) = 23*z + 1. Let a(p) = -2*q(p) - 27*x(p). Let l be a(-2). What is the greatest common factor of 6 and l?
3
Suppose -15 + 47 = 2*j. Let x be 194/j - (-6)/(-48). What is the highest common divisor of x and 36?
12
Let z(s) = -s**2 + 5*s - 7. Let h be z(5). Let i(v) = -3*v + 3. Let g be i(h). Calculate the highest common factor of 24 and g.
24
Let d(r) = r**3 - 3*r**2 - 3*r + 5. Let l be d(4). Suppose v - 51 = 10*a - 14*a, -6 = 2*a. Calculate the highest common factor of v and l.
9
Let t(p) = 32*p**2 - 5*p - 3. Let k be t(-2). What is the greatest common factor of 15 and k?
15
Let r = 17 - 28. Let o(g) = -2*g**2 - 16*g + 29*g - 2*g + 3*g**2 + 6. Let p be o(r). Calculate the greatest common divisor of 24 and p.
6
Let j be (-22)/(-33) - 177/(-9)*5. What is the highest common divisor of 132 and j?
33
Let w(j) = j**2 + 8*j - 21. Let f be w(-10). Let d be (0 + f)/(3 + (-98)/32). What is the highest common divisor of d and 128?
16
Let i = -4 - -6. Let z = 232 - 164. Suppose 6*v = i*v + z. Calculate the highest common factor of v and 68.
17
Suppose 2*m + 6 = 5*m. Suppose -m*x = x - 81. Let b = 31 - 13. Calculate the highest common factor of x and b.
9
Suppose -5*m - 4*y + y = -60, -4*m - 4*y + 40 = 0. Let r(d) = -m*d - d - 85*d + 1 + 0. Let l be r(-2). Calculate the highest common divisor of 29 and l.
29
Let j be 0 - (3 + (-2)/(-2)). Let d be (-2)/4 + (-2)/j. Let n(b) = 2*b + 12. Let s be n(d). What is the greatest common factor of s and 12?
12
Suppose 0 = -6*v + 2*v - 20. Let a be (v/(-20))/(1/20). Suppose -c + 242 = 4*t - 3*c, a*t + 3*c - 297 = 0. What is the highest common factor of 90 and t?
30
Let a be (44/242 + 7/22)*336. What is the highest common divisor of a and 56?
56
Let t = 8 + 14. Let w(m) be the second derivative of m**5/20 + m**4/2 - 2*m**3/3 + 7*m**2/2 - 8*m. Let f be w(-4). What is the highest common factor of f and t?
11
Let t = -45 - -31. Let o = 30 - t. Calculate the highest common factor of o and 110.
22
Let c(s) = 2 + 4 - 1 - 2 + 19*s. Let p be c(7). Calculate the highest common factor of 17 and p.
17
Let z = -12 - -17. Suppose 4*j - 4*p = 96, -3*j + p = -7*j + 111. Let k = 62 - j. What is the highest common divisor of k and z?
5
Let l = -298 - -584. Calculate the greatest common divisor of 52 and l.
26
Suppose -5*v + 57 = 4*n, -4*n + 22 = -5*v + 3*v. Suppose 2*i = -n + 26. What is the greatest common divisor of i and 9?
9
Let j(c) = 37*c - 89. Let u be j(3). Calculate the highest common factor of 2 and u.
2
Let p = -206 - -220. What is the greatest common divisor of p and 10?
2
Suppose -2 = -x + s, -8*x + 2*s = -3*x + 2. Let m be 4*x/(-4) + (0 - -2). Calculate the highest common divisor of m and 16.
4
Suppose -2*u + 0*u + 90 = 0. Suppose 45 = -42*i + 47*i. Calculate the greatest common divisor of u and i.
9
Let y be 2*(75 + 4 + -6). Suppose -2*i = k - 3*i + 41, 2*k = -i - 73. Let h = k + y. Calculate the highest common divisor of h and 12.
12
Let v = 82 + -36. Let p(w) = 3*w**2 - 67*w + 289. Let k be p(4). What is the highest common factor of v and k?
23
Suppose 3*x = -m + 303, m + x - 236 = 57. What is the highest common divisor of 18 and m?
18
Suppose 0 = -7*u - 41 + 188. What is the greatest common divisor of u and 168?
21
Let v = -49 - -54. Suppose -v*j - 29 = -r - 8, -r + 13 = -j. Let s be (-121)/((-2)/4*2). Calculate the highest common divisor of r and s.
11
Suppose 144 = 4*s + 2*q, -5*s + 2*q = 6*q - 180. Calculate the greatest common divisor of s and 12.
12
Let p(n) = n**3 + n**2 + n + 48. Let u be p(0). Suppose -2*x + 14 = 4*s, -x - 3*x = 5*s - 16. Let f = 2 + s. What is the greatest common divisor of u and f?
6
Suppose 5*x = -3*b + 200, 0 = -5*b - 2*x + 5 + 303. Let g be (-6)/14 - b/126*-3. What is the greatest common factor of 1 and g?
1
Suppose 5*g = -5*x + 8350, 4*g + 5*x - 3359 - 3316 = 0. What is the highest common divisor of 67 and g?
67
Let d(c) be the first derivative of c**4/4 + c**3 - 11*c**2/2 + 4*c - 40. Let b be d(4). Calculate the greatest common divisor of 9 and b.
9
Let q be 31/((-486)/(-60) + -8). What is the highest common divisor of 496 and q?
62
Let v(j) = j**3 + 6*j**2 - 8*j + 3. Let o be v(-6). Let y(x) = -16*x + 18. Let r be y(-1). What is the greatest common divisor of r and o?
17
Suppose -5*r + r - 5*c = -104, r - 4*c = 26. Let s = -5 + r. Calculate the highest common factor of 49 and s.
7
Suppose 6*c = 4*c + 24. Suppose -103 = -5*u + y, -u + 2*y = -c - 5. Calculate the greatest common divisor of u and 7.
7
Let n be 0/2 + (-560)/(-4). Suppose -5*q = -n - 110. Suppose 10*i = -13 + 63. Calculate the highest common factor of i and q.
5
Let m = 2417 - 1714. Calculate the greatest common factor of 74 and m.
37
Let v(d) = -d + 6. Let b be v(8). Let s be 0/1 - (-1 + b). Suppose -s*o + 7 = -2*h, 0*o - 5*o + 10 = -5*h. Calculate the greatest common factor of 8 and h.
1
Let d be ((-126)/27)/(4/(-6)). Suppose -7 = -d*v + 7. Calculate the greatest common divisor of 2 and v.
2
Let d(o) = -o**3 - 5*o**2 - 2*o - 13. Let n be d(-5). Let g be ((-102)/(-18))/(n/(-45)). Calculate the highest common divisor of g and 17.
17
Suppose -16*u - 90 = -u. Let p(k) = -k**3 - 7*k**2 - 5*k + 16. Let c be p(u). What is the highest common factor of c and 40?
10
Let a(n) = n**2 - 15*n + 1. Suppose -c + 10 = 2*o - o, 3*c = -2*o + 15. Let w be a(o). Let g = 13 + -6. What is the highest common divisor of w and g?
1
Let v = -1720 - -1831. What is the greatest common factor of 185 and v?
37
Let x be (-12)/66 + (-92)/(-22). Let k be x/18 - (-2232)/162. What is the highest common divisor of k and 2?
2
Suppose 0 = -4*c - z + 621, 4*c - 639 = z + 4*z. Calculate the greatest common factor of c and 24.
12
Let c = 3151 + -3146. Calculate the highest common divisor of 8 and c.
1
Let c(j) be the third derivative of 1/24*j**4 - 5*j**2 + 0*j + 0 - 7/6*j**3. Let b be c(11). Calculate the highest common factor of b and 4.
4
Suppose -5*a + 0 - 5 = 0, 17 = 2*h + a. Let n = -166 + 220. What is the greatest common factor of n and h?
9
Suppose 0 = y - 69 - 3. Let f(l) = 8*l - 140. Let s be f(19). What is the highest common factor of y and s?
12
Let y(f) = -29 - 32 + 73 - f. Let k be y(5). Suppose -s - 4*h + 107 = k, 0 = 2*s + 4*h - 204. What is the highest common divisor of 26 and s?
26
Suppose -2*s - 4752 = -20*s. What is the highest common factor of 33 and s?
33
Suppose 37 = f - 5*n, 3*f + n + 9 - 72 = 0. Let w = -185 + 414. Let o = -53 + w. Calculate the greatest common factor of o and f.
22
Let d be -1 + (24/10)/((-4)/(-160)). Calculate the highest common factor of 5 and d.
5
Let h(m) = 377*m**2 - 12*m - 13. Let p be h(-1). What is the greatest common divisor of 423 and p?
47
Let c(g) = 72*g**3 + 3*g**2 + 9*g - 21. Let m be c(2). Calculate the highest common factor of 90 and m.
45
Let y(z) = -z**3 + 30*z**2 - 25*z - 99. Let n be y(29). What is the highest common factor of 68 and n?
17
Suppose 3*b + 4*a = 97 + 118, -5*b - 4*a = -369. Calculate the highest common factor of b and 55.
11
Suppose -5 - 3 = j + 2*z, 3*z = 3. Let s = -7 - j. Suppose 4*h - 65 = -c, s*h + 7 = 5*c + 27. Calculate the greatest common factor of h and 3.
3
Let x = -5 - -32. Let w be (4 + 14)*189/14. Calculate the highest common factor of x and w.
2